 digit of 13095275?
5
What is the thousands digit of 1622930?
2
What is the thousands digit of 4939867?
9
What is the tens digit of 2427281?
8
What is the hundreds digit of 288984?
9
What is the tens digit of 22408462?
6
What is the thousands digit of 211722?
1
What is the hundreds digit of 1837571?
5
What is the hundred thousands digit of 25270367?
2
What is the tens digit of 1619984?
8
What is the units digit of 98351?
1
What is the tens digit of 3074183?
8
What is the tens digit of 542228?
2
What is the ten thousands digit of 90053?
9
What is the units digit of 67365?
5
What is the hundreds digit of 406734?
7
What is the ten thousands digit of 2035254?
3
What is the units digit of 1109566?
6
What is the hundred thousands digit of 6443737?
4
What is the millions digit of 3539823?
3
What is the hundred thousands digit of 125178?
1
What is the units digit of 8210736?
6
What is the hundreds digit of 13787246?
2
What is the hundreds digit of 1534487?
4
What is the hundreds digit of 309970?
9
What is the thousands digit of 8863152?
3
What is the ten thousands digit of 431891?
3
What is the ten thousands digit of 73532?
7
What is the ten thousands digit of 2682806?
8
What is the units digit of 552880?
0
What is the thousands digit of 1934931?
4
What is the tens digit of 3022122?
2
What is the hundred thousands digit of 2474304?
4
What is the thousands digit of 444376?
4
What is the thousands digit of 16498745?
8
What is the units digit of 304477?
7
What is the units digit of 328944?
4
What is the ten millions digit of 21287838?
2
What is the hundred thousands digit of 522738?
5
What is the hundred thousands digit of 9482414?
4
What is the hundred thousands digit of 8745729?
7
What is the thousands digit of 11576052?
6
What is the hundred thousands digit of 364389?
3
What is the hundred thousands digit of 1755019?
7
What is the hundreds digit of 106782?
7
What is the units digit of 3407668?
8
What is the ten thousands digit of 562608?
6
What is the hundreds digit of 1742995?
9
What is the thousands digit of 1102677?
2
What is the ten thousands digit of 2236313?
3
What is the millions digit of 3502386?
3
What is the tens digit of 1837047?
4
What is the hundreds digit of 8119087?
0
What is the hundred thousands digit of 257552?
2
What is the hundred thousands digit of 403727?
4
What is the thousands digit of 2000943?
0
What is the tens digit of 317564?
6
What is the hundreds digit of 3852954?
9
What is the ten thousands digit of 228397?
2
What is the hundreds digit of 3205920?
9
What is the millions digit of 1452718?
1
What is the hundreds digit of 264513?
5
What is the hundred thousands digit of 453217?
4
What is the ten thousands digit of 39949792?
4
What is the hundreds digit of 14425628?
6
What is the ten thousands digit of 585942?
8
What is the units digit of 528408?
8
What is the hundred thousands digit of 19039984?
0
What is the thousands digit of 1357?
1
What is the millions digit of 3874085?
3
What is the ten thousands digit of 11702624?
0
What is the tens digit of 102069?
6
What is the ten thousands digit of 1891083?
9
What is the tens digit of 180663?
6
What is the ten thousands digit of 123873?
2
What is the thousands digit of 3579130?
9
What is the tens digit of 336919?
1
What is the ten thousands digit of 101074?
0
What is the tens digit of 9038844?
4
What is the thousands digit of 9247719?
7
What is the tens digit of 6411207?
0
What is the hundreds digit of 3011834?
8
What is the ten thousands digit of 10010273?
1
What is the hundreds digit of 11032526?
5
What is the tens digit of 197889?
8
What is the hundreds digit of 439843?
8
What is the hundreds digit of 24504245?
2
What is the millions digit of 1088859?
1
What is the units digit of 639691?
1
What is the ten thousands digit of 2871061?
7
What is the ten thousands digit of 980513?
8
What is the units digit of 208563?
3
What is the hundreds digit of 323974?
9
What is the hundred thousands digit of 11571631?
5
What is the thousands digit of 494811?
4
What is the hundreds digit of 14927603?
6
What is the hundreds digit of 3366571?
5
What is the hundred thousands digit of 778722?
7
What is the hundreds digit of 146857?
8
What is the hundreds digit of 3935026?
0
What is the hundred thousands digit of 771565?
7
What is the hundred thousands digit of 409487?
4
What is the tens digit of 762178?
7
What is the thousands digit of 837101?
7
What is the hundreds digit of 4385604?
6
What is the hundreds digit of 26116?
1
What is the thousands digit of 5629302?
9
What is the units digit of 22676672?
2
What is the hundred thousands digit of 4239419?
2
What is the thousands digit of 72624?
2
What is the hundreds digit of 6720056?
0
What is the units digit of 18627737?
7
What is the tens digit of 371539?
3
What is the ten thousands digit of 14020?
1
What is the tens digit of 99458?
5
What is the tens digit of 115525?
2
What is the units digit of 299957?
7
What is the thousands digit of 88965?
8
What is the thousands digit of 2763011?
3
What is the millions digit of 11628725?
1
What is the tens digit of 332402?
0
What is the units digit of 317941?
1
What is the units digit of 292225?
5
What is the units digit of 449150?
0
What is the tens digit of 157047?
4
What is the thousands digit of 6281795?
1
What is the ten thousands digit of 555389?
5
What is the millions digit of 10738367?
0
What is the hundred thousands digit of 859261?
8
What is the hundreds digit of 9538884?
8
What is the hundreds digit of 3203739?
7
What is the thousands digit of 5078687?
8
What is the units digit of 22740966?
6
What is the thousands digit of 367035?
7
What is the units digit of 416964?
4
What is the thousands digit of 172927?
2
What is the ten thousands digit of 2618315?
1
What is the tens digit of 2504157?
5
What is the hundred thousands digit of 187482?
1
What is the hundreds digit of 10129829?
8
What is the ten thousands digit of 865989?
6
What is the hundreds digit of 3433367?
3
What is the units digit of 11293605?
5
What is the hundreds digit of 329549?
5
What is the ten thousands digit of 502852?
0
What is the millions digit of 1270302?
1
What is the hundred thousands digit of 3942482?
9
What is the hundreds digit of 475830?
8
What is the units digit of 2802266?
6
What is the units digit of 20616931?
1
What is the hundreds digit of 7702022?
0
What is the thousands digit of 9412304?
2
What is the tens digit of 58235?
3
What is the units digit of 128656?
6
What is the tens digit of 1166011?
1
What is the thousands digit of 13521685?
1
What is the tens digit of 409682?
8
What is the tens digit of 478191?
9
What is the ten thousands digit of 77602?
7
What is the hundred thousands digit of 430494?
4
What is the ten thousands digit of 2930842?
3
What is the ten millions digit of 32679308?
3
What is the hundreds digit of 133074?
0
What is the hundreds digit of 485512?
5
What is the tens digit of 849310?
1
What is the units digit of 3635341?
1
What is the units digit of 85255?
5
What is the ten thousands digit of 13426?
1
What is the tens digit of 100909?
0
What is the tens digit of 5810455?
5
What is the hundreds digit of 1713392?
3
What is the hundred thousands digit of 9742904?
7
What is the ten thousands digit of 60532?
6
What is the thousands digit of 5346979?
6
What is the units digit of 59265?
5
What is the hundreds digit of 995173?
1
What is the thousands digit of 101277?
1
What is the units digit of 555131?
1
What is the millions digit of 10879713?
0
What is the ten thousands digit of 29921?
2
What is the tens digit of 16869044?
4
What is the hundreds digit of 1255396?
3
What is the units digit of 1253797?
7
What is the hundreds digit of 16137131?
1
What is the units digit of 6642802?
2
What is the thousands digit of 2497871?
7
What is the hundred thousands digit of 379101?
3
What is the thousands digit of 1685020?
5
What is the millions digit of 1131731?
1
What is the thousands digit of 22713?
2
What is the thousands digit of 942853?
2
What is the millions digit of 6111843?
6
What is the units digit of 50676?
6
What is the hundreds digit of 705190?
1
What is the thousands digit of 5860825?
0
What is the hundreds digit of 248260?
2
What is the millions digit of 15295643?
5
What is the ten thousands digit of 